{"id":10,"date":"2024-09-17T16:06:19","date_gmt":"2024-09-17T16:06:19","guid":{"rendered":"https:\/\/elalmadechloe.es\/?page_id=10"},"modified":"2025-03-14T10:43:09","modified_gmt":"2025-03-14T10:43:09","slug":"inicio","status":"publish","type":"page","link":"https:\/\/elalmadechloe.es\/","title":{"rendered":"Inicio"},"content":{"rendered":"\t\t<div data-elementor-type=\"wp-post\" data-elementor-id=\"10\" class=\"elementor elementor-10\" data-elementor-post-type=\"page\">\n\t\t\t\t<div class=\"elementor-element elementor-element-7f6be76 e-flex e-con-boxed e-con e-parent\" data-id=\"7f6be76\" data-element_type=\"container\" data-settings=\"{&quot;background_background&quot;:&quot;classic&quot;}\">\n\t\t\t\t\t<div class=\"e-con-inner\">\n\t\t\t\t<div class=\"elementor-element elementor-element-d520e52 elementor-nav-menu--dropdown-tablet elementor-nav-menu__text-align-aside elementor-nav-menu--toggle elementor-nav-menu--burger elementor-widget elementor-widget-nav-menu\" data-id=\"d520e52\" data-element_type=\"widget\" data-settings=\"{&quot;layout&quot;:&quot;horizontal&quot;,&quot;submenu_icon&quot;:{&quot;value&quot;:&quot;&lt;svg class=\\&quot;e-font-icon-svg e-fas-caret-down\\&quot; viewBox=\\&quot;0 0 320 512\\&quot; xmlns=\\&quot;http:\\\/\\\/www.w3.org\\\/2000\\\/svg\\&quot;&gt;&lt;path d=\\&quot;M31.3 192h257.3c17.8 0 26.7 21.5 14.1 34.1L174.1 354.8c-7.8 7.8-20.5 7.8-28.3 0L17.2 226.1C4.6 213.5 13.5 192 31.3 192z\\&quot;&gt;&lt;\\\/path&gt;&lt;\\\/svg&gt;&quot;,&quot;library&quot;:&quot;fa-solid&quot;},&quot;toggle&quot;:&quot;burger&quot;}\" data-widget_type=\"nav-menu.default\">\n\t\t\t\t<div class=\"elementor-widget-container\">\n\t\t\t\t\t\t\t\t<nav aria-label=\"Menu\" class=\"elementor-nav-menu--main elementor-nav-menu__container elementor-nav-menu--layout-horizontal e--pointer-underline e--animation-fade\">\n\t\t\t\t<ul id=\"menu-1-d520e52\" class=\"elementor-nav-menu\"><li class=\"menu-item menu-item-type-post_type menu-item-object-page menu-item-home menu-item-153\"><a href=\"https:\/\/elalmadechloe.es\/\" class=\"elementor-item\">Inicio<\/a><\/li>\n<li class=\"menu-item menu-item-type-post_type menu-item-object-page menu-item-156\"><a href=\"https:\/\/elalmadechloe.es\/index.php\/servicios\/\" class=\"elementor-item\">Servicios<\/a><\/li>\n<li class=\"menu-item menu-item-type-post_type menu-item-object-page menu-item-154\"><a href=\"https:\/\/elalmadechloe.es\/index.php\/contacto\/\" class=\"elementor-item\">Contacto<\/a><\/li>\n<\/ul>\t\t\t<\/nav>\n\t\t\t\t\t<div class=\"elementor-menu-toggle\" role=\"button\" tabindex=\"0\" aria-label=\"Menu Toggle\" aria-expanded=\"false\">\n\t\t\t<svg aria-hidden=\"true\" role=\"presentation\" class=\"elementor-menu-toggle__icon--open e-font-icon-svg e-eicon-menu-bar\" viewBox=\"0 0 1000 1000\" xmlns=\"http:\/\/www.w3.org\/2000\/svg\"><path d=\"M104 333H896C929 333 958 304 958 271S929 208 896 208H104C71 208 42 237 42 271S71 333 104 333ZM104 583H896C929 583 958 554 958 521S929 458 896 458H104C71 458 42 487 42 521S71 583 104 583ZM104 833H896C929 833 958 804 958 771S929 708 896 708H104C71 708 42 737 42 771S71 833 104 833Z\"><\/path><\/svg><svg aria-hidden=\"true\" role=\"presentation\" class=\"elementor-menu-toggle__icon--close e-font-icon-svg e-eicon-close\" viewBox=\"0 0 1000 1000\" xmlns=\"http:\/\/www.w3.org\/2000\/svg\"><path d=\"M742 167L500 408 258 167C246 154 233 150 217 150 196 150 179 158 167 167 154 179 150 196 150 212 150 229 154 242 171 254L408 500 167 742C138 771 138 800 167 829 196 858 225 858 254 829L496 587 738 829C750 842 767 846 783 846 800 846 817 842 829 829 842 817 846 804 846 783 846 767 842 750 829 737L588 500 833 258C863 229 863 200 833 171 804 137 775 137 742 167Z\"><\/path><\/svg>\t\t\t<span class=\"elementor-screen-only\">Menu<\/span>\n\t\t<\/div>\n\t\t\t\t\t<nav class=\"elementor-nav-menu--dropdown elementor-nav-menu__container\" aria-hidden=\"true\">\n\t\t\t\t<ul id=\"menu-2-d520e52\" class=\"elementor-nav-menu\"><li class=\"menu-item menu-item-type-post_type menu-item-object-page menu-item-home menu-item-153\"><a href=\"https:\/\/elalmadechloe.es\/\" class=\"elementor-item\" tabindex=\"-1\">Inicio<\/a><\/li>\n<li class=\"menu-item menu-item-type-post_type menu-item-object-page menu-item-156\"><a href=\"https:\/\/elalmadechloe.es\/index.php\/servicios\/\" class=\"elementor-item\" tabindex=\"-1\">Servicios<\/a><\/li>\n<li class=\"menu-item menu-item-type-post_type menu-item-object-page menu-item-154\"><a href=\"https:\/\/elalmadechloe.es\/index.php\/contacto\/\" class=\"elementor-item\" tabindex=\"-1\">Contacto<\/a><\/li>\n<\/ul>\t\t\t<\/nav>\n\t\t\t\t\t\t<\/div>\n\t\t\t\t<\/div>\n\t\t\t\t\t<\/div>\n\t\t\t\t<\/div>\n\t\t<div class=\"elementor-element elementor-element-81671c7 e-flex e-con-boxed e-con e-parent\" data-id=\"81671c7\" data-element_type=\"container\" data-settings=\"{&quot;background_background&quot;:&quot;classic&quot;}\">\n\t\t\t\t\t<div class=\"e-con-inner\">\n\t\t\t\t<div class=\"elementor-element elementor-element-a5e0684 elementor-widget elementor-widget-image\" data-id=\"a5e0684\" data-element_type=\"widget\" data-widget_type=\"image.default\">\n\t\t\t\t<div class=\"elementor-widget-container\">\n\t\t\t\t\t\t\t\t\t\t\t\t\t\t\t<img fetchpriority=\"high\" decoding=\"async\" width=\"768\" height=\"254\" src=\"https:\/\/elalmadechloe.es\/wp-content\/uploads\/2024\/09\/3-e1731267627946-768x254.png\" class=\"attachment-medium_large size-medium_large wp-image-15\" alt=\"\" srcset=\"https:\/\/elalmadechloe.es\/wp-content\/uploads\/2024\/09\/3-e1731267627946-768x254.png 768w, https:\/\/elalmadechloe.es\/wp-content\/uploads\/2024\/09\/3-e1731267627946-300x99.png 300w, https:\/\/elalmadechloe.es\/wp-content\/uploads\/2024\/09\/3-e1731267627946-1024x339.png 1024w, https:\/\/elalmadechloe.es\/wp-content\/uploads\/2024\/09\/3-e1731267627946-1536x508.png 1536w, https:\/\/elalmadechloe.es\/wp-content\/uploads\/2024\/09\/3-e1731267627946.png 1853w\" sizes=\"(max-width: 768px) 100vw, 768px\" \/>\t\t\t\t\t\t\t\t\t\t\t\t\t\t\t<\/div>\n\t\t\t\t<\/div>\n\t\t\t\t<div class=\"elementor-element elementor-element-e8fd538 elementor-widget elementor-widget-image\" data-id=\"e8fd538\" data-element_type=\"widget\" data-widget_type=\"image.default\">\n\t\t\t\t<div class=\"elementor-widget-container\">\n\t\t\t\t\t\t\t\t\t\t\t\t\t\t\t<img decoding=\"async\" width=\"300\" height=\"102\" src=\"https:\/\/elalmadechloe.es\/wp-content\/uploads\/2024\/09\/8-e1731267491900-300x102.png\" class=\"attachment-medium size-medium wp-image-20\" alt=\"\" srcset=\"https:\/\/elalmadechloe.es\/wp-content\/uploads\/2024\/09\/8-e1731267491900-300x102.png 300w, https:\/\/elalmadechloe.es\/wp-content\/uploads\/2024\/09\/8-e1731267491900-1024x349.png 1024w, https:\/\/elalmadechloe.es\/wp-content\/uploads\/2024\/09\/8-e1731267491900-768x262.png 768w, https:\/\/elalmadechloe.es\/wp-content\/uploads\/2024\/09\/8-e1731267491900-1536x524.png 1536w, https:\/\/elalmadechloe.es\/wp-content\/uploads\/2024\/09\/8-e1731267491900.png 1630w\" sizes=\"(max-width: 300px) 100vw, 300px\" \/>\t\t\t\t\t\t\t\t\t\t\t\t\t\t\t<\/div>\n\t\t\t\t<\/div>\n\t\t\t\t\t<\/div>\n\t\t\t\t<\/div>\n\t\t<div class=\"elementor-element elementor-element-13787ef e-flex e-con-boxed e-con e-parent\" data-id=\"13787ef\" data-element_type=\"container\">\n\t\t\t\t\t<div class=\"e-con-inner\">\n\t\t\t\t<div class=\"elementor-element elementor-element-c823f68 elementor-widget elementor-widget-heading\" data-id=\"c823f68\" data-element_type=\"widget\" data-widget_type=\"heading.default\">\n\t\t\t\t<div class=\"elementor-widget-container\">\n\t\t\t\t\t<h1 class=\"elementor-heading-title elementor-size-default\">El alma de Chloe<\/h1>\t\t\t\t<\/div>\n\t\t\t\t<\/div>\n\t\t\t\t<div class=\"elementor-element elementor-element-78515ff elementor-widget elementor-widget-heading\" data-id=\"78515ff\" data-element_type=\"widget\" data-widget_type=\"heading.default\">\n\t\t\t\t<div class=\"elementor-widget-container\">\n\t\t\t\t\t<h2 class=\"elementor-heading-title elementor-size-default\">Lazos que no se rompen<\/h2>\t\t\t\t<\/div>\n\t\t\t\t<\/div>\n\t\t\t\t<div class=\"elementor-element elementor-element-d91fb6c elementor-widget elementor-widget-text-editor\" data-id=\"d91fb6c\" data-element_type=\"widget\" data-widget_type=\"text-editor.default\">\n\t\t\t\t<div class=\"elementor-widget-container\">\n\t\t\t\t\t\t\t\t\t<p>Mi vida ha estado siempre unida a la de los animales. Junto a ellos he sentido mucho amor y, consecuentemente, tambi\u00e9n he vivido sus enfermedades, as\u00ed como el duelo por su partida cuando han decidido cruzar el arco\u00edris.<\/p><p>Precisamente porque conozco perfectamente lo que es amarles en vida y llorarles tras su partida, me encantar\u00eda compartir contigo mi experiencia.<\/p><p>Si has perdido a tu peludo o sientes que el momento de su partida se acerca, puedo acompa\u00f1arte en el doloroso camino que supone el duelo. No has de pasar por esto en soledad: lo haremos juntos.<\/p>\t\t\t\t\t\t\t\t<\/div>\n\t\t\t\t<\/div>\n\t\t\t\t<div class=\"elementor-element elementor-element-d7b1228 elementor-widget-divider--view-line_icon elementor-view-default elementor-widget-divider--element-align-center elementor-widget elementor-widget-divider\" data-id=\"d7b1228\" data-element_type=\"widget\" data-widget_type=\"divider.default\">\n\t\t\t\t<div class=\"elementor-widget-container\">\n\t\t\t\t\t\t\t<div class=\"elementor-divider\">\n\t\t\t<span class=\"elementor-divider-separator\">\n\t\t\t\t\t\t\t<div class=\"elementor-icon elementor-divider__element\">\n\t\t\t\t\t<svg aria-hidden=\"true\" class=\"e-font-icon-svg e-fas-paw\" viewBox=\"0 0 512 512\" xmlns=\"http:\/\/www.w3.org\/2000\/svg\"><path d=\"M256 224c-79.41 0-192 122.76-192 200.25 0 34.9 26.81 55.75 71.74 55.75 48.84 0 81.09-25.08 120.26-25.08 39.51 0 71.85 25.08 120.26 25.08 44.93 0 71.74-20.85 71.74-55.75C448 346.76 335.41 224 256 224zm-147.28-12.61c-10.4-34.65-42.44-57.09-71.56-50.13-29.12 6.96-44.29 40.69-33.89 75.34 10.4 34.65 42.44 57.09 71.56 50.13 29.12-6.96 44.29-40.69 33.89-75.34zm84.72-20.78c30.94-8.14 46.42-49.94 34.58-93.36s-46.52-72.01-77.46-63.87-46.42 49.94-34.58 93.36c11.84 43.42 46.53 72.02 77.46 63.87zm281.39-29.34c-29.12-6.96-61.15 15.48-71.56 50.13-10.4 34.65 4.77 68.38 33.89 75.34 29.12 6.96 61.15-15.48 71.56-50.13 10.4-34.65-4.77-68.38-33.89-75.34zm-156.27 29.34c30.94 8.14 65.62-20.45 77.46-63.87 11.84-43.42-3.64-85.21-34.58-93.36s-65.62 20.45-77.46 63.87c-11.84 43.42 3.64 85.22 34.58 93.36z\"><\/path><\/svg><\/div>\n\t\t\t\t\t\t<\/span>\n\t\t<\/div>\n\t\t\t\t\t\t<\/div>\n\t\t\t\t<\/div>\n\t\t\t\t\t<\/div>\n\t\t\t\t<\/div>\n\t\t<div class=\"elementor-element elementor-element-933b896 e-flex e-con-boxed e-con e-parent\" data-id=\"933b896\" data-element_type=\"container\" data-settings=\"{&quot;background_background&quot;:&quot;classic&quot;}\">\n\t\t\t\t\t<div class=\"e-con-inner\">\n\t\t\t\t<div class=\"elementor-element elementor-element-9d030be elementor-widget elementor-widget-heading\" data-id=\"9d030be\" data-element_type=\"widget\" data-widget_type=\"heading.default\">\n\t\t\t\t<div class=\"elementor-widget-container\">\n\t\t\t\t\t<h1 class=\"elementor-heading-title elementor-size-default\">\u00bfQui\u00e9n soy?<\/h1>\t\t\t\t<\/div>\n\t\t\t\t<\/div>\n\t\t<div class=\"elementor-element elementor-element-1df2d50 e-con-full e-flex e-con e-child\" data-id=\"1df2d50\" data-element_type=\"container\">\n\t\t<div class=\"elementor-element elementor-element-a43730e e-con-full e-flex e-con e-child\" data-id=\"a43730e\" data-element_type=\"container\">\n\t\t\t\t<div class=\"elementor-element elementor-element-aa352ca elementor-widget elementor-widget-text-editor\" data-id=\"aa352ca\" data-element_type=\"widget\" data-widget_type=\"text-editor.default\">\n\t\t\t\t<div class=\"elementor-widget-container\">\n\t\t\t\t\t\t\t\t\t<p>Mi nombre es Mayte y, aunque soy madrile\u00f1a, llevo muchos a\u00f1os viviendo en un pueblo de Arag\u00f3n. Tengo una bonita familia formada por mi marido, mis 2 hijos y mis peque\u00f1as perritas Daria (11 a\u00f1os) y Kira (5 meses), y mi gata Zoe (2 a\u00f1os).<\/p><p>Me encanta la vida rural, ya que tanto a m\u00ed como a mis animales nos aporta much\u00edsimo. Disfrutamos juntos de nuestros paseos por el campo y tenemos una vida tranquila y rodeada de naturaleza.<\/p><p>Soy una gran amante de los animales y esto, entre otras cosas, me ha llevado a formarme como Acompa\u00f1ante en el Duelo Animal.<\/p><p>Por otro lado, ocupo el resto de mi tiempo trabajando como artesana de costura creativa y en el mundo de la belleza.<\/p>\t\t\t\t\t\t\t\t<\/div>\n\t\t\t\t<\/div>\n\t\t\t\t<\/div>\n\t\t<div class=\"elementor-element elementor-element-14f0d08 e-con-full e-flex e-con e-child\" data-id=\"14f0d08\" data-element_type=\"container\" data-settings=\"{&quot;background_background&quot;:&quot;classic&quot;}\">\n\t\t\t\t<\/div>\n\t\t\t\t<\/div>\n\t\t\t\t<div class=\"elementor-element elementor-element-fa370f5 elementor-widget-divider--view-line elementor-widget elementor-widget-divider\" data-id=\"fa370f5\" data-element_type=\"widget\" data-widget_type=\"divider.default\">\n\t\t\t\t<div class=\"elementor-widget-container\">\n\t\t\t\t\t\t\t<div class=\"elementor-divider\">\n\t\t\t<span class=\"elementor-divider-separator\">\n\t\t\t\t\t\t<\/span>\n\t\t<\/div>\n\t\t\t\t\t\t<\/div>\n\t\t\t\t<\/div>\n\t\t\t\t<div class=\"elementor-element elementor-element-d4cf931 elementor-widget elementor-widget-heading\" data-id=\"d4cf931\" data-element_type=\"widget\" data-widget_type=\"heading.default\">\n\t\t\t\t<div class=\"elementor-widget-container\">\n\t\t\t\t\t<h1 class=\"elementor-heading-title elementor-size-default\">Mi historia<\/h1>\t\t\t\t<\/div>\n\t\t\t\t<\/div>\n\t\t<div class=\"elementor-element elementor-element-f374ea4 e-con-full e-flex e-con e-child\" data-id=\"f374ea4\" data-element_type=\"container\">\n\t\t<div class=\"elementor-element elementor-element-bd3a646 e-con-full e-flex e-con e-child\" data-id=\"bd3a646\" data-element_type=\"container\" data-settings=\"{&quot;background_background&quot;:&quot;classic&quot;}\">\n\t\t\t\t<\/div>\n\t\t<div class=\"elementor-element elementor-element-ef2a5b2 e-con-full e-flex e-con e-child\" data-id=\"ef2a5b2\" data-element_type=\"container\">\n\t\t\t\t<div class=\"elementor-element elementor-element-603e0af elementor-widget elementor-widget-text-editor\" data-id=\"603e0af\" data-element_type=\"widget\" data-widget_type=\"text-editor.default\">\n\t\t\t\t<div class=\"elementor-widget-container\">\n\t\t\t\t\t\t\t\t\t<p>Desde que recuerdo, en mi casa siempre ha habido animales. Probablemente por eso desarroll\u00e9 mi gran amor hacia ellos, por su naturaleza y tambi\u00e9n por ayudarles. Cuando en alguna ocasi\u00f3n me he encontrado a alg\u00fan animal, siempre he volcado mis esfuerzos en darle los cuidados que necesitase en ese momento. Lo mismo me ha pasado con aquellos con los que he convivido, en la protectora en la que he colaborado. Su nobleza me ha parecido siempre algo maravilloso y digno de admiraci\u00f3n.<\/p><p>Popi, Candy, Chimo, Boris, Heidi, Tiko, Tika, Negri, Kuki y Chloe\u2026 Todos ellos han cruzado ya el arco\u00edris, he pasado por muchos duelos animales, pero, aun as\u00ed, me dejan mil recuerdos y habitar\u00e1n por siempre en mi coraz\u00f3n, ya que han llenado de felicidad todas y cada una de las etapas de mi vida.<\/p>\t\t\t\t\t\t\t\t<\/div>\n\t\t\t\t<\/div>\n\t\t\t\t<\/div>\n\t\t\t\t<\/div>\n\t\t\t\t\t<\/div>\n\t\t\t\t<\/div>\n\t\t<div class=\"elementor-element elementor-element-e91a97c e-flex e-con-boxed e-con e-parent\" data-id=\"e91a97c\" data-element_type=\"container\">\n\t\t\t\t\t<div class=\"e-con-inner\">\n\t\t\t\t<div class=\"elementor-element elementor-element-836e550 elementor-widget elementor-widget-image\" data-id=\"836e550\" data-element_type=\"widget\" data-widget_type=\"image.default\">\n\t\t\t\t<div class=\"elementor-widget-container\">\n\t\t\t\t\t\t\t\t\t\t\t\t\t\t\t<img decoding=\"async\" width=\"300\" height=\"272\" src=\"https:\/\/elalmadechloe.es\/wp-content\/uploads\/2024\/11\/21-e1731268955407-300x272.png\" class=\"attachment-medium size-medium wp-image-94\" alt=\"\" srcset=\"https:\/\/elalmadechloe.es\/wp-content\/uploads\/2024\/11\/21-e1731268955407-300x272.png 300w, https:\/\/elalmadechloe.es\/wp-content\/uploads\/2024\/11\/21-e1731268955407-768x697.png 768w, https:\/\/elalmadechloe.es\/wp-content\/uploads\/2024\/11\/21-e1731268955407.png 1013w\" sizes=\"(max-width: 300px) 100vw, 300px\" \/>\t\t\t\t\t\t\t\t\t\t\t\t\t\t\t<\/div>\n\t\t\t\t<\/div>\n\t\t\t\t<div class=\"elementor-element elementor-element-53f9dc8 elementor-widget elementor-widget-heading\" data-id=\"53f9dc8\" data-element_type=\"widget\" data-widget_type=\"heading.default\">\n\t\t\t\t<div class=\"elementor-widget-container\">\n\t\t\t\t\t<h2 class=\"elementor-heading-title elementor-size-default\">Mi vida junto a Chloe<\/h2>\t\t\t\t<\/div>\n\t\t\t\t<\/div>\n\t\t\t\t<div class=\"elementor-element elementor-element-a3e988c elementor-widget elementor-widget-text-editor\" data-id=\"a3e988c\" data-element_type=\"widget\" data-widget_type=\"text-editor.default\">\n\t\t\t\t<div class=\"elementor-widget-container\">\n\t\t\t\t\t\t\t\t\t<p>Mi peque\u00f1a Chloe lleg\u00f3 a nuestras vidas en el 2010 con tan solo 9 meses de vida. Proven\u00eda de una protectora cercana a nuestra casa, a la que fuimos a buscarla sin saber que ser\u00eda ella la que nos eligiese a nosotros, entre todos los perros que hab\u00eda sueltos estuvo todo el rato a nuestro lado, buscando nuestra mano y mirada, llamando nuestra atenci\u00f3n , fue muy especial.<\/p><p>Nuestros comienzos juntas fueron algo duros para m\u00ed, ya que aunque ella era la perra perfecta, yo no hab\u00eda sanado totalmente el duelo por mi anterior peludo. Chimo hab\u00eda fallecido tan solo 9 meses antes.<\/p><p>Cuando Chloe llevaba solo 3 meses con nosotros, enferm\u00f3 con una grave infecci\u00f3n cerebral. Por suerte, gracias a los cuidados veterinarios, pudo contar con una vida plena en la que nos llen\u00f3 de amor.<\/p><p>Chloe era pura dulzura y su mirada era \u00fanica, al igual que lo era ella. Mi vida junto a ella era plena y lo hac\u00edamos todo juntas: paseos, viajes e incluso recoger a los ni\u00f1os del colegio.<br \/>Vivimos unos a\u00f1os realmente maravillosos.<\/p><p>En 2022, lleg\u00f3 a nuestras vidas Daria, una preciosa perrita de 8 a\u00f1os procedente de un corral sucio en el que malviv\u00eda. En cuanto se vieron, Chloe y Daria se unieron como si hubieran estado juntas desde su nacimiento. <br \/>Cuando Chloe contaba ya con 12 a\u00f1os y, tras detectarle unas grietas en sus patas que no se le curaban, iniciamos un proceso de pruebas veterinarias a partir de las cuales le detectaron problemas en el h\u00edgado.<\/p><p>A partir de ese momento comenz\u00f3 un camino muy duro, lleno de altibajos. Con el tiempo, llegaron d\u00edas en los que Chloe ya no pod\u00eda andar, pero, aun as\u00ed, le compramos un carrito especialmente para ella, con el que pod\u00edamos seguir dando juntas esos paseos por la naturaleza que tanto le gustaban. Ver c\u00f3mo su salud empeoraba fue algo realmente muy doloroso. Poco a poco, la enfermedad se empez\u00f3 a complicar con otras dolencias. Sus ri\u00f1ones comenzaron a fallar y necesitaba que le inyectasen suero primero semanalmente y, m\u00e1s adelante, ya a diario. Necesitaba cuidados especiales durante todo el d\u00eda, ya que ten\u00eda que ayudarla a levantarse y sacarla en brazos. Incluso dorm\u00eda a su lado por si necesitaba algo durante la noche. Chloe merec\u00eda todos mis cuidados\u2026 Mi preciosa Chloe.<\/p><p>Durante ese tiempo lloraba a diario al sentir que el momento de dejarla marchar estaba cada vez m\u00e1s cerca, me estaba preparando para el duelo. Realmente no s\u00e9 de d\u00f3nde sacaba las fuerzas, pero, mientras Chloe pudiera con todos los tratamientos m\u00e9dicos, yo no pod\u00eda flaquear. <\/p>\t\t\t\t\t\t\t\t<\/div>\n\t\t\t\t<\/div>\n\t\t\t\t<div class=\"elementor-element elementor-element-e549bd9 elementor-widget elementor-widget-image\" data-id=\"e549bd9\" data-element_type=\"widget\" data-widget_type=\"image.default\">\n\t\t\t\t<div class=\"elementor-widget-container\">\n\t\t\t\t\t\t\t\t\t\t\t\t\t\t\t<img loading=\"lazy\" decoding=\"async\" width=\"300\" height=\"219\" src=\"https:\/\/elalmadechloe.es\/wp-content\/uploads\/2024\/11\/PHOTO-2024-09-11-15-58-06-300x219.jpg\" class=\"attachment-medium size-medium wp-image-84\" alt=\"\" srcset=\"https:\/\/elalmadechloe.es\/wp-content\/uploads\/2024\/11\/PHOTO-2024-09-11-15-58-06-300x219.jpg 300w, https:\/\/elalmadechloe.es\/wp-content\/uploads\/2024\/11\/PHOTO-2024-09-11-15-58-06-1024x748.jpg 1024w, https:\/\/elalmadechloe.es\/wp-content\/uploads\/2024\/11\/PHOTO-2024-09-11-15-58-06-768x561.jpg 768w, https:\/\/elalmadechloe.es\/wp-content\/uploads\/2024\/11\/PHOTO-2024-09-11-15-58-06.jpg 1080w\" sizes=\"(max-width: 300px) 100vw, 300px\" \/>\t\t\t\t\t\t\t\t\t\t\t\t\t\t\t<\/div>\n\t\t\t\t<\/div>\n\t\t\t\t<div class=\"elementor-element elementor-element-937c3a9 elementor-widget elementor-widget-text-editor\" data-id=\"937c3a9\" data-element_type=\"widget\" data-widget_type=\"text-editor.default\">\n\t\t\t\t<div class=\"elementor-widget-container\">\n\t\t\t\t\t\t\t\t\t<p>Poco a poco todo se fue complicando y el tratamiento no le hac\u00eda efecto. Tom\u00e9 la decisi\u00f3n m\u00e1s dura de mi vida, justo cuando sent\u00ed que empezaba a sufrir. No pod\u00eda permitir eso, as\u00ed que cog\u00ed cita con su veterinaria, pero antes nos brindamos la una a la otra el mejor regalo de despedida que ten\u00edamos a nuestro alcance.<\/p><p>Esa ma\u00f1ana la llev\u00e9 al campo para estar con ella en ese lugar que tanto am\u00e1bamos por \u00faltima vez. Nos tumbamos en la hierba y nos abrazamos mirando al cielo durante horas. La tarde la pasamos en familia pase\u00e1ndola en su carrito por los lugares que a ella m\u00e1s le gustaban. Cuando regresamos, mi familia se despidi\u00f3 de ella y despu\u00e9s la llev\u00e9 a la veterinaria. La abrac\u00e9 y la bes\u00e9 incansablemente mientras le dec\u00eda que la quer\u00eda una y otra vez y que no tuviera miedo, que su mam\u00e1 estaba con ella. Fue un momento muy duro y extremadamente triste, pero en el que, al mismo tiempo, sentimos mucha paz.<\/p><p>Mi peque\u00f1a Chloe cruz\u00f3 el arco\u00edris el 12 de abril del 2024. Enterr\u00e9 su cuerpo en el jard\u00edn de mi casa.<\/p><p>Ella siempre estar\u00e1 a mi lado: ahora y siempre.<\/p>\t\t\t\t\t\t\t\t<\/div>\n\t\t\t\t<\/div>\n\t\t\t\t\t<\/div>\n\t\t\t\t<\/div>\n\t\t<div class=\"elementor-element elementor-element-840769d e-flex e-con-boxed e-con e-parent\" data-id=\"840769d\" data-element_type=\"container\" data-settings=\"{&quot;background_background&quot;:&quot;classic&quot;}\">\n\t\t\t\t\t<div class=\"e-con-inner\">\n\t\t\t\t<div class=\"elementor-element elementor-element-6d947fc elementor-view-default elementor-widget elementor-widget-icon\" data-id=\"6d947fc\" data-element_type=\"widget\" data-widget_type=\"icon.default\">\n\t\t\t\t<div class=\"elementor-widget-container\">\n\t\t\t\t\t\t\t<div class=\"elementor-icon-wrapper\">\n\t\t\t<a class=\"elementor-icon\" href=\"https:\/\/www.instagram.com\/elalmadechloe_\/\">\n\t\t\t<svg aria-hidden=\"true\" class=\"e-font-icon-svg e-fab-instagram\" viewBox=\"0 0 448 512\" xmlns=\"http:\/\/www.w3.org\/2000\/svg\"><path d=\"M224.1 141c-63.6 0-114.9 51.3-114.9 114.9s51.3 114.9 114.9 114.9S339 319.5 339 255.9 287.7 141 224.1 141zm0 189.6c-41.1 0-74.7-33.5-74.7-74.7s33.5-74.7 74.7-74.7 74.7 33.5 74.7 74.7-33.6 74.7-74.7 74.7zm146.4-194.3c0 14.9-12 26.8-26.8 26.8-14.9 0-26.8-12-26.8-26.8s12-26.8 26.8-26.8 26.8 12 26.8 26.8zm76.1 27.2c-1.7-35.9-9.9-67.7-36.2-93.9-26.2-26.2-58-34.4-93.9-36.2-37-2.1-147.9-2.1-184.9 0-35.8 1.7-67.6 9.9-93.9 36.1s-34.4 58-36.2 93.9c-2.1 37-2.1 147.9 0 184.9 1.7 35.9 9.9 67.7 36.2 93.9s58 34.4 93.9 36.2c37 2.1 147.9 2.1 184.9 0 35.9-1.7 67.7-9.9 93.9-36.2 26.2-26.2 34.4-58 36.2-93.9 2.1-37 2.1-147.8 0-184.8zM398.8 388c-7.8 19.6-22.9 34.7-42.6 42.6-29.5 11.7-99.5 9-132.1 9s-102.7 2.6-132.1-9c-19.6-7.8-34.7-22.9-42.6-42.6-11.7-29.5-9-99.5-9-132.1s-2.6-102.7 9-132.1c7.8-19.6 22.9-34.7 42.6-42.6 29.5-11.7 99.5-9 132.1-9s102.7-2.6 132.1 9c19.6 7.8 34.7 22.9 42.6 42.6 11.7 29.5 9 99.5 9 132.1s2.7 102.7-9 132.1z\"><\/path><\/svg>\t\t\t<\/a>\n\t\t<\/div>\n\t\t\t\t\t\t<\/div>\n\t\t\t\t<\/div>\n\t\t\t\t<div class=\"elementor-element elementor-element-5f35d2b elementor-widget elementor-widget-text-editor\" data-id=\"5f35d2b\" data-element_type=\"widget\" data-widget_type=\"text-editor.default\">\n\t\t\t\t<div class=\"elementor-widget-container\">\n\t\t\t\t\t\t\t\t\t<p>Pol\u00edtica de Privacidad | Pol\u00edtica de Cookies | Pol\u00edtica de Contrataci\u00f3n<\/p>\t\t\t\t\t\t\t\t<\/div>\n\t\t\t\t<\/div>\n\t\t\t\t<div class=\"elementor-element elementor-element-1a2e120 elementor-widget elementor-widget-text-editor\" data-id=\"1a2e120\" data-element_type=\"widget\" data-widget_type=\"text-editor.default\">\n\t\t\t\t<div class=\"elementor-widget-container\">\n\t\t\t\t\t\t\t\t\t<p>Todos lo derechos reservados | El Alma de Chloe 2024<\/p>\t\t\t\t\t\t\t\t<\/div>\n\t\t\t\t<\/div>\n\t\t\t\t\t<\/div>\n\t\t\t\t<\/div>\n\t\t\t\t<\/div>\n\t\t","protected":false},"excerpt":{"rendered":"<p>El alma de Chloe Lazos que no se rompen Mi vida ha estado siempre unida a la de los animales. Junto a ellos he sentido mucho amor y, consecuentemente, tambi\u00e9n he vivido sus enfermedades, as\u00ed como el duelo por su partida cuando han decidido cruzar el arco\u00edris. Precisamente porque conozco perfectamente lo que es amarles &#8230; <a title=\"Inicio\" class=\"read-more\" href=\"https:\/\/elalmadechloe.es\/\" aria-label=\"Leer m\u00e1s sobre Inicio\">Leer m\u00e1s<\/a><\/p>\n","protected":false},"author":1,"featured_media":0,"parent":0,"menu_order":0,"comment_status":"closed","ping_status":"closed","template":"elementor_canvas","meta":{"_joinchat":[],"footnotes":""},"class_list":["post-10","page","type-page","status-publish"],"_links":{"self":[{"href":"https:\/\/elalmadechloe.es\/index.php\/wp-json\/wp\/v2\/pages\/10","targetHints":{"allow":["GET"]}}],"collection":[{"href":"https:\/\/elalmadechloe.es\/index.php\/wp-json\/wp\/v2\/pages"}],"about":[{"href":"https:\/\/elalmadechloe.es\/index.php\/wp-json\/wp\/v2\/types\/page"}],"author":[{"embeddable":true,"href":"https:\/\/elalmadechloe.es\/index.php\/wp-json\/wp\/v2\/users\/1"}],"replies":[{"embeddable":true,"href":"https:\/\/elalmadechloe.es\/index.php\/wp-json\/wp\/v2\/comments?post=10"}],"version-history":[{"count":62,"href":"https:\/\/elalmadechloe.es\/index.php\/wp-json\/wp\/v2\/pages\/10\/revisions"}],"predecessor-version":[{"id":263,"href":"https:\/\/elalmadechloe.es\/index.php\/wp-json\/wp\/v2\/pages\/10\/revisions\/263"}],"wp:attachment":[{"href":"https:\/\/elalmadechloe.es\/index.php\/wp-json\/wp\/v2\/media?parent=10"}],"curies":[{"name":"wp","href":"https:\/\/api.w.org\/{rel}","templated":true}]}}